 c. Is d a prime number?
False
Suppose 5*x - 30 = -4*m, -3*x + 6 = m - 19. Suppose -1465 = 5*y - x*y. Is y prime?
True
Suppose -5*x - 6 = -31. Suppose x*g + 4*f = 2880, g + 5*f - 2295 = -3*g. Let l = 1047 - g. Is l composite?
False
Let o = 897 + -340. Is o a composite number?
False
Let z(q) = -5853*q - 223. Is z(-4) a composite number?
False
Let k(o) = o**2 + 4*o - 2. Let f be k(-4). Let w(m) = 2*m**2 + 2*m - 2. Let a be w(f). Suppose -a*j + 345 = j. Is j a composite number?
True
Suppose 10*w + 4 = 1064. Is (w/(-3))/((20/42)/(-5)) composite?
True
Suppose -2*x = 2*f - 6, -2*f - 7*x = -3*x - 12. Let l be (-3 - (-1)/1) + 165. Is -3 + 1 + f + l composite?
True
Suppose 55 = -4*z - 5*v, -z + 3*v - 21 = 2*z. Let t be (18/15)/((-2)/z). Suppose 0 = t*u - 10*u + 1676. Is u a prime number?
True
Let q(h) = 28*h**2 + 2*h + 31. Let o be 16/(-24) + ((-16)/3)/1. Is q(o) a prime number?
False
Let f(m) = -7*m**2 + 7*m**2 + 12*m**2 + 9 - 8*m + 3*m**2. Is f(12) composite?
True
Let g(q) = -3*q - 6. Let c be g(-2). Suppose 5*r + 6*r - 209 = c. Is r a composite number?
False
Let h(p) = -p**3 + 8*p**2 + 10*p + 9. Let l be h(9). Let f(c) = c**3 - c**2 - 5*c - 8. Let r be f(5). Let g = l + r. Is g a prime number?
False
Let b(d) = -16*d + 5. Let v be b(9). Let l = 156 - 155. Is l/(-1)*(5 + v) composite?
True
Let r(b) = -79*b + 68. Is r(-31) a prime number?
False
Let j = -23 - -115. Suppose 2030 = 5*q + 5*n, -492 = -q + n - j. Let o = 564 - q. Is o a prime number?
False
Let k be (-40)/(-15)*6/4. Suppose o + 364 = k*u, 6*u = 3*u - o + 273. Is u a prime number?
False
Let j = -12 + 5. Let t = 8 + j. Is 157 + -4 + 3 + t prime?
True
Let r = -2096 - -7173. Is r composite?
False
Suppose 36*m = 15905 + 403747. Is m prime?
True
Suppose 0 = -27*l + 27036 - 2763. Is l prime?
False
Let n = -169 + 228. Is n composite?
False
Suppose -33*a + 30*a = -10446. Is a a prime number?
False
Let y = -699 - -12394. Is y composite?
True
Let r = 83 + -76. Suppose r*h - 12*h + 1585 = 0. Is h composite?
False
Let n(r) be the first derivative of 70*r**3 + r + 2. Suppose 28 = -17*m - 11*m. Is n(m) prime?
True
Let v = 3500 + -9723. Let s = v + 10632. Is s composite?
False
Suppose -y = 3*y - 5*b - 33, 4*y = -2*b - 2. Suppose -y*x - 2*x = 0. Suppose x = -5*g + 275 + 730. Is g a composite number?
True
Suppose -2*w + 0*w + 3*t - 7 = 0, 2*w - 2*t = -2. Suppose -w - 5 = -3*u. Is (215 - (u + 1))/1 a prime number?
True
Let c = 5821 + -3410. Is c composite?
False
Let m(z) = 709*z**3 + 12*z**2 + 18*z - 41. Is m(4) a composite number?
False
Suppose 3*z = 2*z + 2. Suppose 4*k + 204 = z*y, 0*y = -y - 3*k + 112. Suppose -5*o = -189 - y. Is o composite?
False
Suppose 3*n - 30463 = -5*r - 8396, -2*r + 3*n + 8810 = 0. Is r a composite number?
True
Let r(n) = 6*n - 20. Let p be r(4). Suppose 4164 = 4*v + 4*k, 2*k = -p*v + 423 + 3737. Is v a prime number?
True
Let d = 43 - 45. Let t(f) be the second derivative of -9*f**5/10 + f**3/6 - f**2/2 + f. Is t(d) a composite number?
True
Let c(s) = -s**3 - 15*s**2 - 3*s - 3. Let g be c(-6). Let b = -122 - g. Is b composite?
True
Let a = -169205 + 30052. Is a/(-63) - 4/(-18) composite?
True
Is (-4 - -3) + -15 + 32847 composite?
False
Let d be (-1 - -1)/((-3)/(-1)). Let a(c) = c**2 - c + 1361. Is a(d) a prime number?
True
Let w = 74 - 74. Suppose w = -q + 3*i + 332, -4*i + 6 = -2*i. Is q prime?
False
Let i(a) = -143*a + 27. Let b be i(-5). Suppose 0 = y + 6*y - b. Is y a composite number?
True
Let q = 4329 + 12512. Is q a prime number?
False
Let q(b) = 4658*b - 197. Is q(8) composite?
True
Is 7/(-9) - -1 - (-32202)/162 prime?
True
Let o(s) = -s**2 + 2*s - 541. Let n be o(0). Let h = -55 - n. Is 6/(-2) - (16 - h) composite?
False
Is (-5)/(-65) - (-269370)/39 a composite number?
False
Let t = -31 - -36. Suppose j + t*f - 124 = 0, 5*f + 98 = 3*j - 314. Is j a prime number?
False
Suppose 5*a + 204 = 1919. Let n = 45 + -31. Is a/n - (-6)/(-4) composite?
False
Let u(n) = -n**3 + 103*n**2 - 39*n + 20. Is u(23) a prime number?
True
Let r = 429 + -201. Suppose -3*g + 63 = -r. Suppose 24 = n - g. Is n composite?
True
Let r be (8/(-12))/(4/30). Let d(m) = -23*m + 7 - 3*m - 8*m. Is d(r) a composite number?
True
Let m be (-3)/(4 + -1) - 2360. Is (0 - m/6)*2 composite?
False
Let s(w) = 191*w**2 - w. Let c be s(-1). Let p = c + -7. Suppose p = -15*a + 16*a. Is a a prime number?
False
Let c = -6 - -3. Let l be c*(25/(-3))/5. Suppose l*t - 275 - 1240 = 0. Is t a prime number?
False
Let j(h) = h**3 - 16*h**2 + 2*h - 7. Let q be j(16). Is 15/q + -1 + 15594/10 prime?
True
Let m(v) = 7154*v**2 + 3*v. Is m(-1) a prime number?
True
Suppose 121*n - 107*n - 484162 = 0. Is n composite?
False
Let t = 253 - 198. Is t a prime number?
False
Let o(y) be the second derivative of y**6/360 - y**5/10 + 7*y**4/12 - y**3 - 7*y. Let i(g) be the second derivative of o(g). Is i(15) prime?
True
Let s = 2210 - 937. Is s composite?
True
Let q(m) = m**2 - 9*m + 3. Let z be q(9). Suppose -4*p + z = 2*g - 7, -1 = -5*g - 2*p. Is 185*(-1)/(-2 - g) a prime number?
False
Let v be -15*1 - (7 + -4). Let n = v + -202. Is ((1 - 0) + n)*-1 composite?
True
Let q(j) = 4*j**2 + 10*j - 7. Let x(t) = -10*t**3 - t**2. Let o be x(-1). Is q(o) composite?
True
Let b = -49 - -49. Is 3 + b - 14712/(-3) prime?
False
Let o = 7 + -3. Suppose -o*t = v + 2 + 5, v = -t + 2. Suppose 2*c + 2*c - 208 = -2*a, -259 = -v*c - 3*a. Is c composite?
False
Suppose 0 = 4*v + f + 120 - 4010, v - 4*f = 981. Is v a prime number?
False
Is ((-2075375)/75*(-2 + -1))/1 a prime number?
False
Let i be 0 + 80 - (-5)/5. Let o = -170 + i. Let x = -10 - o. Is x prime?
True
Is 30/45*(-1078821)/(-6) composite?
False
Suppose -44*t + 311847 = -30781. Is t prime?
False
Suppose 21808 = -11*k + 268967. Is k a composite number?
False
Let a(f) = -1069*f + 11. Is a(-8) a composite number?
False
Suppose 25249 = -10*b + 17*b. Is b prime?
True
Suppose 313 = 3*q - 608. Is q a composite number?
False
Let z(v) = 6*v**2 - 11*v - 10. Is z(23) prime?
False
Let i = 8475 + -3614. Is i a prime number?
True
Let t(g) = 51*g**2 - 26*g - 4. Let s(f) = -26*f**2 + 13*f + 2. Let n(k) = 11*s(k) + 6*t(k). Is n(-9) composite?
True
Let n be 308 - (-4)/(12/(-9)). Let m = -192 + n. Is m a composite number?
False
Suppose -z = -4*j + 14595, -4*j = -3*j + 5*z - 3633. Suppose -6*k + 6390 + j = 0. Is k a composite number?
True
Suppose 5*w + 3*o = 29, 9 = 2*w + o - 3. Suppose -5*q = -2*r + 2238, 0 = -r - w*q + 3*q + 1119. Is r composite?
True
Let f be (12/(-1))/(-4) - -3. Suppose 372 = f*y - 0*y. Is y composite?
True
Let j be (-906)/(-4) - 7/(-14). Suppose 4*t = 2175 - j. Is t a composite number?
False
Let a(h) = 105*h**3 - 10*h**2 + 16*h + 6. Is a(5) a prime number?
False
Let a be 13696/(-10) + (-12)/30. Let w = 1951 + a. Is w a composite number?
True
Is -4 + (-8)/((-56)/1309) prime?
False
Let m = -2792 + 3963. Is m a prime number?
True
Let u be 6*(-3)/(-30)*25. Suppose l + 0*l - 3 = 0. Suppose -495 = -3*k - 3*w, l*w = -4*k + u + 641. Is k a prime number?
False
Is (-42)/(-84)*3547/(-2)*-4 a composite number?
False
Suppose 47 = -3*p - 448. Let a be p/(-11) + (-2)/1. Let t(w) = -w**3 + 15*w**2 + 19*w - 2. Is t(a) a prime number?
False
Let p(g) = -g - 3. Let i be -4 + (-7 - 8/(-4)). Let c be p(i). Is c/2 - (-681 + -1) prime?
False
Suppose -4*o = 4*l - 28, 0 = 3*o + o + 3*l - 25. Let y(u) = 10 - o*u + 24*u**2 + 14*u**2 - 11. Is y(-3) prime?
True
Let a = 20 - 39. Let h be a/(-7) - (-2)/7. Suppose -h*w + 1180 = 2*v, -w - w - 2931 = -5*v. Is v a prime number?
True
Let x(z) = -323*z + 192. Is x(-23) prime?
True
Suppose 0*g = -g + 5. Suppose 2*y - 1922 = -s + 4*s, -g*y + 3*s + 4823 = 0. Is y composite?
False
Let i = 155 + -155. Suppose i = -3*h - 3, 5*z + 0*z - 1469 = 4*h. Is z a prime number?
True
Suppose 0 = 3*p - 4*s + 518, -p - 692 = 3*p - 5*s. Let n be -1 - (p - 1)*1. Let o = n + -57. Is o a prime number?
False
Suppose 0 = 54*n + 54*n - 244404. Is n prime?
False
Suppose 3*w + 42 = 6*w. Suppose -w*i + 27*i = 5785. Is i prime?
False
Let o = -10150 + 5237. Let n = o + 6904. Is n a prime number?
False
Suppose 2*f + 9513 = l, 3*l - 368*f = -364*f + 28537. Is l prime?
True
Suppose -4*l = -2*t - 58 - 12, 0 = 5*t + 15. Let o be (61/4)/(2/l). Suppose -j - j - 3*q + o = 0, j - 56 = q. Is j a prime number?
False
Let u be 5/(1